hat is the hundreds digit of 8644?
6
What is the thousands digit of 2054?
2
What is the thousands digit of 6258?
6
What is the thousands digit of 31795?
1
What is the tens digit of 2623?
2
What is the units digit of 17711?
1
What is the units digit of 4049?
9
What is the hundreds digit of 4476?
4
What is the hundreds digit of 61141?
1
What is the units digit of 56001?
1
What is the units digit of 2766?
6
What is the units digit of 6706?
6
What is the tens digit of 5180?
8
What is the units digit of 2653?
3
What is the tens digit of 37754?
5
What is the units digit of 7103?
3
What is the tens digit of 9054?
5
What is the tens digit of 222?
2
What is the tens digit of 607?
0
What is the tens digit of 21037?
3
What is the tens digit of 16470?
7
What is the hundreds digit of 1206?
2
What is the thousands digit of 2133?
2
What is the thousands digit of 4253?
4
What is the tens digit of 2294?
9
What is the units digit of 856?
6
What is the units digit of 24790?
0
What is the tens digit of 5961?
6
What is the units digit of 7132?
2
What is the ten thousands digit of 37363?
3
What is the thousands digit of 8180?
8
What is the thousands digit of 2025?
2
What is the units digit of 1558?
8
What is the hundreds digit of 1249?
2
What is the hundreds digit of 1938?
9
What is the units digit of 1442?
2
What is the thousands digit of 3178?
3
What is the units digit of 7572?
2
What is the ten thousands digit of 11723?
1
What is the thousands digit of 4636?
4
What is the tens digit of 760?
6
What is the tens digit of 23443?
4
What is the units digit of 381?
1
What is the tens digit of 1802?
0
What is the tens digit of 2407?
0
What is the thousands digit of 16217?
6
What is the units digit of 735?
5
What is the units digit of 954?
4
What is the units digit of 240?
0
What is the units digit of 2666?
6
What is the tens digit of 297?
9
What is the hundreds digit of 89080?
0
What is the thousands digit of 62031?
2
What is the units digit of 525?
5
What is the thousands digit of 2424?
2
What is the tens digit of 991?
9
What is the thousands digit of 2950?
2
What is the units digit of 7804?
4
What is the units digit of 15657?
7
What is the units digit of 3964?
4
What is the units digit of 210?
0
What is the units digit of 5073?
3
What is the tens digit of 573?
7
What is the hundreds digit of 24414?
4
What is the thousands digit of 7652?
7
What is the tens digit of 965?
6
What is the thousands digit of 3256?
3
What is the units digit of 339?
9
What is the units digit of 5600?
0
What is the hundreds digit of 11618?
6
What is the thousands digit of 2018?
2
What is the thousands digit of 1141?
1
What is the hundreds digit of 9197?
1
What is the hundreds digit of 2672?
6
What is the thousands digit of 86622?
6
What is the hundreds digit of 45660?
6
What is the units digit of 815?
5
What is the hundreds digit of 880?
8
What is the hundreds digit of 1115?
1
What is the thousands digit of 13838?
3
What is the tens digit of 2469?
6
What is the units digit of 2207?
7
What is the hundreds digit of 4476?
4
What is the hundreds digit of 946?
9
What is the units digit of 18419?
9
What is the hundreds digit of 117476?
4
What is the thousands digit of 8680?
8
What is the units digit of 101209?
9
What is the units digit of 2346?
6
What is the tens digit of 179?
7
What is the units digit of 252?
2
What is the hundreds digit of 32408?
4
What is the units digit of 119?
9
What is the units digit of 111835?
5
What is the tens digit of 4900?
0
What is the hundreds digit of 1168?
1
What is the tens digit of 27218?
1
What is the thousands digit of 6438?
6
What is the tens digit of 21?
2
What is the hundreds digit of 94733?
7
What is the hundreds digit of 22324?
3
What is the hundreds digit of 3396?
3
What is the hundreds digit of 2847?
8
What is the tens digit of 7759?
5
What is the hundreds digit of 2541?
5
What is the thousands digit of 4936?
4
What is the hundreds digit of 4006?
0
What is the thousands digit of 19685?
9
What is the thousands digit of 8835?
8
What is the thousands digit of 6829?
6
What is the thousands digit of 19749?
9
What is the units digit of 1598?
8
What is the units digit of 3235?
5
What is the thousands digit of 11934?
1
What is the tens digit of 19033?
3
What is the tens digit of 6735?
3
What is the hundreds digit of 9205?
2
What is the thousands digit of 1305?
1
What is the units digit of 3742?
2
What is the thousands digit of 14200?
4
What is the units digit of 44924?
4
What is the units digit of 171?
1
What is the hundreds digit of 36544?
5
What is the units digit of 5951?
1
What is the units digit of 3238?
8
What is the hundreds digit of 5878?
8
What is the hundreds digit of 172?
1
What is the thousands digit of 89154?
9
What is the units digit of 376?
6
What is the ten thousands digit of 36394?
3
What is the units digit of 64?
4
What is the units digit of 1097?
7
What is the tens digit of 2599?
9
What is the hundreds digit of 2446?
4
What is the ten thousands digit of 66787?
6
What is the tens digit of 3434?
3
What is the thousands digit of 8592?
8
What is the hundreds digit of 1320?
3
What is the tens digit of 261?
6
What is the units digit of 14744?
4
What is the tens digit of 40918?
1
What is the thousands digit of 4669?
4
What is the tens digit of 3160?
6
What is the units digit of 14652?
2
What is the hundreds digit of 145?
1
What is the units digit of 23221?
1
What is the units digit of 11116?
6
What is the units digit of 937?
7
What is the units digit of 1998?
8
What is the thousands digit of 2232?
2
What is the hundreds digit of 8729?
7
What is the tens digit of 381?
8
What is the tens digit of 18175?
7
What is the thousands digit of 70509?
0
What is the ten thousands digit of 43816?
4
What is the hundreds digit of 720?
7
What is the hundreds digit of 4150?
1
What is the hundreds digit of 605?
6
What is the ten thousands digit of 56010?
5
What is the tens digit of 6327?
2
What is the thousands digit of 1273?
1
What is the ten thousands digit of 109817?
0
What is the units digit of 1386?
6
What is the hundreds digit of 1010?
0
What is the tens digit of 3763?
6
What is the thousands digit of 4005?
4
What is the units digit of 20583?
3
What is the hundreds digit of 5279?
2
What is the units digit of 795?
5
What is the units digit of 2287?
7
What is the tens digit of 656?
5
What is the thousands digit of 4260?
4
What is the hundreds digit of 3953?
9
What is the hundreds digit of 1415?
4
What is the thousands digit of 21348?
1
What is the units digit of 199?
9
What is the units digit of 6418?
8
What is the tens digit of 3633?
3
What is the hundreds digit of 6251?
2
What is the ten thousands digit of 10581?
1
What is the units digit of 1021?
1
What is the hundreds digit of 341?
3
What is the hundreds digit of 4526?
5
What is the tens digit of 3251?
5
What is the units digit of 292?
2
What is the units digit of 1375?
5
What is the units digit of 23911?
1
What is the tens digit of 124?
2
What is the tens digit of 6624?
2
What is the tens digit of 319?
1
What is the hundred thousands digit of 127297?
1
What is the thousands digit of 2138?
2
What is the ten thousands digit of 110210?
1
What is the thousands digit of 69655?
9
What is the ten thousands digit of 14005?
1
What is the thousands digit of 24205?
4
What is the units digit of 56060?
0
What is the units digit of 445?
5
What is the units digit of 26137?
7
What is the units digit of 766?
6
What is the hundreds digit of 4578?
5
What is the units digit of 3613?
3
What is the units digit of 3?
3
What is the hundreds digit of 1288?
2
What is the hundreds digit of 3559?
5
What is the tens digit of 15236?
3
What is the tens digit of 9798?
9
What is the thousands digit of 5437?
5
What is the units digit of 90476?
6
What is the units digit of 64676?
6
What is the tens digit of 539?
3
What is the units digit of 5883?
3
What is the units digit of 20776?
6
What is the hundreds digit of 45209?
2
What is the ten thousands digit of 11286?
1
What is the tens digit of 9527?
2
What is the tens digit of 459?
5
What is the thousands digit of 6199?
6
What is the hundreds digit of 18836?
8
What is the tens digit of 43119?
1
What is the units digit of 929?
9
What is the thousands digit of 55125?
5
What is the tens digit of 7